{"id":56,"date":"2013-03-27T23:58:59","date_gmt":"2013-03-27T22:58:59","guid":{"rendered":"http:\/\/willydezutter.be\/?page_id=56"},"modified":"2013-04-04T22:22:26","modified_gmt":"2013-04-04T21:22:26","slug":"biografie","status":"publish","type":"page","link":"https:\/\/willydezutter.be\/?page_id=56","title":{"rendered":"Biografie"},"content":{"rendered":"<p><span style=\"line-height: 1.714285714; font-size: 1rem;\"><a href=\"http:\/\/willydezutter.be\/wp-content\/uploads\/2013\/03\/WPdZ1.jpg\"><img loading=\"lazy\" decoding=\"async\" class=\"alignnone size-medium wp-image-133\" alt=\"WPdZ1\" src=\"http:\/\/willydezutter.be\/wp-content\/uploads\/2013\/03\/WPdZ1-300x226.jpg\" width=\"300\" height=\"226\" srcset=\"https:\/\/willydezutter.be\/wp-content\/uploads\/2013\/03\/WPdZ1-300x226.jpg 300w, https:\/\/willydezutter.be\/wp-content\/uploads\/2013\/03\/WPdZ1-1024x772.jpg 1024w, https:\/\/willydezutter.be\/wp-content\/uploads\/2013\/03\/WPdZ1-624x471.jpg 624w, https:\/\/willydezutter.be\/wp-content\/uploads\/2013\/03\/WPdZ1.jpg 2019w\" sizes=\"(max-width: 300px) 100vw, 300px\" \/><\/a><\/span><\/p>\n<p><span style=\"line-height: 1.714285714; font-size: 1rem;\">Willy Dezutter, geboren te Sluis (Nederland) op 23 maart 1946 uit een Nederlandse moeder en een Belgische vader. \u00a0Woonde tot 1970 in Aardenburg (West-Zeeuws-Vlaanderen), nadien in Gent (B) en vanaf 1973 in Brugge (B).<\/span><\/p>\n<p>Behaalde in 1970 aan de Rijksuniversiteit Gent, met grote onderscheiding, het diploma van licentiaat in de kunstgeschiedenis en archeologie met een scriptie over \u201cBeschilderde middeleeuwse grafkelders\u201d. \u00a0Werkte voordien, na zijn middelbare studies, in 1965-1966 onder leiding van de provinciaal archeoloog in Zeeland ir. J.A. Trimpe Burger (1923-2008) bij de Rijksdienst voor het Oudheidkundig Bodemonderzoek (R.O.B.) als technisch assistent.<\/p>\n<p>1970-1972: \u00a0wetenschappelijk medewerker in het Centrum voor Kunst en Cultuur van de Stad Gent.<\/p>\n<p>1973-2007: \u00a0conservator bij de Stedelijke Musea van Brugge (o.a. Stedelijk Museum voor Volkskunde, de vier Stedelijke Molens, het Guido Gezellemuseum 1985-1990, lid van de Directie van de Stedelijke Musea in 1999).<\/p>\n<p>Publiceerde over geschiedenis, volkskunde, kunst en museologie.<\/p>\n<p>Secretaris-Generaal van de Belgische Museumvereniging (1976) en secretaris van het Belgisch Nationaal Comit\u00e9 van ICOM (1976).<\/p>\n<p>Hoofdredacteur van Museumleven, Jaarboek voor museologie van de Vlaamse Museumvereniging (1974-1997).<\/p>\n<p>Gastdocent over Probleme musealer Dokumentation aan de Westf\u00e4lische Wilhelms-Universit\u00e4t te M\u00fcnster (D) in 1978 en 1979.<\/p>\n<p>Redactielid van het tijdschrift \u201cBiekorf\u201d (1974-2012).<\/p>\n<p>Redactielid van het tijdschrift \u201cHet Brugs Ommeland\u201d (1977-2012).<\/p>\n<p>Is sterk ge\u00ebngageerd binnen het vrijzinnig-humanisme en was van 2002-2011 ondervoorzitter van het Vrijzinnig Centrum \u201cDe Sleutelbrug\u201d in Brugge en redactielid van het driemaandelijks tijdschrift \u201cDe Sleutelbrug\u201d van 2002-2012.<\/p>\n","protected":false},"excerpt":{"rendered":"<p>Willy Dezutter, geboren te Sluis (Nederland) op 23 maart 1946 uit een Nederlandse moeder en een Belgische vader. \u00a0Woonde tot 1970 in Aardenburg (West-Zeeuws-Vlaanderen), nadien in Gent (B) en vanaf 1973 in Brugge (B). Behaalde in 1970 aan de Rijksuniversiteit Gent, met grote onderscheiding, het diploma van licentiaat in de kunstgeschiedenis en archeologie met een [&hellip;]<\/p>\n","protected":false},"author":1,"featured_media":0,"parent":0,"menu_order":0,"comment_status":"closed","ping_status":"open","template":"","meta":{"footnotes":""},"_links":{"self":[{"href":"https:\/\/willydezutter.be\/index.php?rest_route=\/wp\/v2\/pages\/56"}],"collection":[{"href":"https:\/\/willydezutter.be\/index.php?rest_route=\/wp\/v2\/pages"}],"about":[{"href":"https:\/\/willydezutter.be\/index.php?rest_route=\/wp\/v2\/types\/page"}],"author":[{"embeddable":true,"href":"https:\/\/willydezutter.be\/index.php?rest_route=\/wp\/v2\/users\/1"}],"replies":[{"embeddable":true,"href":"https:\/\/willydezutter.be\/index.php?rest_route=%2Fwp%2Fv2%2Fcomments&post=56"}],"version-history":[{"count":9,"href":"https:\/\/willydezutter.be\/index.php?rest_route=\/wp\/v2\/pages\/56\/revisions"}],"predecessor-version":[{"id":120,"href":"https:\/\/willydezutter.be\/index.php?rest_route=\/wp\/v2\/pages\/56\/revisions\/120"}],"wp:attachment":[{"href":"https:\/\/willydezutter.be\/index.php?rest_route=%2Fwp%2Fv2%2Fmedia&parent=56"}],"curies":[{"name":"wp","href":"https:\/\/api.w.org\/{rel}","templated":true}]}}